{"id":116,"date":"2011-03-14T08:46:02","date_gmt":"2011-03-14T08:46:02","guid":{"rendered":"http:\/\/www.vergihaber.net\/?page_id=23"},"modified":"2017-03-01T16:14:57","modified_gmt":"2017-03-01T14:14:57","slug":"hizmetlerimiz","status":"publish","type":"page","link":"https:\/\/www.asistadenetim.com\/?page_id=116","title":{"rendered":"Faaliyet Alanlar\u0131m\u0131z"},"content":{"rendered":"<div class=\"entry\">\n<div class=\"entry\">\n<blockquote><p><strong><span style=\"color: #000000; font-family: Times New Roman;\">Denetim ve Tam Tasdik<\/span><\/strong><\/p><\/blockquote>\n<\/div>\n<div class=\"entry\">\n<ul>\n<li><span style=\"color: #000000; font-family: Times New Roman;\">Muhasebe Denetimi\u00a0<\/span><\/li>\n<li><span style=\"color: #000000; font-family: Times New Roman;\">Bilan\u00e7o ve Gelir Tablosu Denetimi<\/span><\/li>\n<li><span style=\"color: #000000; font-family: Times New Roman;\">Vergi Denetimi<\/span><\/li>\n<\/ul>\n<blockquote><p><strong><span style=\"color: #000000; font-family: Times New Roman;\">Ba\u011f\u0131ms\u0131z Denetim\u00a0<\/span><\/strong><\/p><\/blockquote>\n<ul>\n<li><span style=\"color: #000000; font-family: Times New Roman;\">Kamu G\u00f6zetimi Muhasebe ve Denetim Standartlar\u0131 Kurumu Kararlar\u0131na G\u00f6re \u015eirketlerin Zorunlu Denetimi<\/span><\/li>\n<li><span style=\"color: #000000; font-family: Times New Roman;\">T\u00fcrk Ticaret Kanununa G\u00f6re \u015eirketlerin Zorunlu Denetimi<\/span><\/li>\n<li><span style=\"color: #000000; font-family: Times New Roman;\">Sermaye Piyasas\u0131 Kurulu Kararlar\u0131na G\u00f6re \u015eirketlerin Zorunlu Denetimi\u00a0<\/span><\/li>\n<li><span style=\"color: #000000; font-family: Times New Roman;\">TFRS- T\u00fcrkiye Finansal Raporlama Standartlar\u0131na G\u00f6re \u015eirketlerin Denetimi\u00a0<\/span><\/li>\n<li><span style=\"color: #000000; font-family: Times New Roman;\">UFRS- Uluslararas\u0131 Finansal Raporlama Standartlar\u0131na G\u00f6re \u015eirketlerin Denetimi<\/span><\/li>\n<\/ul>\n<blockquote><p><strong><span style=\"color: #000000; font-family: Times New Roman;\">Vergi \u0130adesi ve Vergi Mevzuat\u0131<\/span><\/strong><\/p><\/blockquote>\n<ul>\n<li><span style=\"color: #000000; font-family: Times New Roman;\">Katma De\u011fer Vergisi \u0130ade \u0130\u015flemleri\u00a0<\/span><\/li>\n<li><span style=\"color: #000000; font-family: Times New Roman;\">Yurt \u0130\u00e7i ve Yurt D\u0131\u015f\u0131 Vergi Planlamas\u0131<\/span><\/li>\n<\/ul>\n<blockquote><p><strong><span style=\"color: #000000; font-family: Times New Roman;\">Vergi \u0130ncelemeleri ve Vergi Davalar\u0131nda \u00c7\u00f6z\u00fcm Hizmetleri<\/span><\/strong><\/p>\n<p><strong><span style=\"color: #000000; font-family: Times New Roman;\">\u0130\u015f Hukuku ve Sosyal G\u00fcvenlik Mevzuat\u0131<\/span><\/strong><\/p>\n<p><strong><span style=\"color: #000000; font-family: Times New Roman;\">Finans, Y\u00f6netim ve Yat\u0131r\u0131m Dan\u0131\u015fmanl\u0131\u011f\u0131<\/span><\/strong><\/p><\/blockquote>\n<ul>\n<li><span style=\"color: #000000; font-family: Times New Roman;\">Yat\u0131r\u0131m Proje Dan\u0131\u015fmanl\u0131\u011f\u0131<\/span><\/li>\n<li><span style=\"color: #000000; font-family: Times New Roman;\">SPK Mevzuat\u0131 Dahilinde Halka A\u00e7\u0131lmaya Y\u00f6nelik \u0130\u015flemler<\/span><\/li>\n<li><span style=\"color: #000000; font-family: Times New Roman;\">K\u00e2rl\u0131l\u0131k ve Maliyet Analizleri<\/span><\/li>\n<li><span style=\"color: #000000; font-family: Times New Roman;\">\u015eirket Birle\u015ftirme, B\u00f6l\u00fcnme ve Nevi De\u011fi\u015fiklikleri<\/span><\/li>\n<li><span style=\"color: #000000; font-family: Times New Roman;\">Hisse Senedi Bas\u0131m\u0131 ve Hisse De\u011ferleme \u0130\u015flemleri\u00a0<\/span><\/li>\n<li><span style=\"color: #000000; font-family: Times New Roman;\">Yabanc\u0131 Sermayeli \u015eirketler \u0130\u00e7in Kurulu\u015f Te\u015fviki Mevzuat\u0131\u00a0<\/span><\/li>\n<\/ul>\n<blockquote><p><strong><span style=\"color: #000000; font-family: Times New Roman;\">\u0130\u00e7 Denetim Kurulumu<\/span><\/strong><\/p><\/blockquote>\n<ul>\n<li><span style=\"color: #000000; font-family: Times New Roman;\">\u0130\u00e7 Denetim Fonksiyonlar\u0131 Kurulmas\u0131<\/span><\/li>\n<li><span style=\"color: #000000; font-family: Times New Roman;\">Risk Bazl\u0131 \u0130\u00e7 Denetim Plan\u0131 Haz\u0131rlanmas\u0131<\/span><\/li>\n<li><span style=\"color: #000000; font-family: Times New Roman;\">\u0130\u00e7 Denetim Departman\u0131 E\u011fitimleri<\/span><\/li>\n<\/ul>\n<blockquote><p><strong><span style=\"color: #000000; font-family: Times New Roman;\">\u00d6zel Denetimler<\/span><\/strong><\/p><\/blockquote>\n<ul>\n<li style=\"text-align: left;\"><span style=\"color: #000000; font-family: Times New Roman;\">Hile ve Suistimal Denetimi\u00a0<\/span><\/li>\n<li style=\"text-align: left;\"><span style=\"color: #000000; font-family: Times New Roman;\">\u00d6zel Ama\u00e7l\u0131 Denetimler<\/span><\/li>\n<li style=\"text-align: left;\"><span style=\"color: #000000; font-family: Times New Roman;\">Faaliyet Denetimi<\/span><\/li>\n<li style=\"text-align: left;\"><span style=\"color: #000000; font-family: Times New Roman;\">Uygunluk Denetimi\u00a0<\/span><\/li>\n<\/ul>\n<blockquote><p><strong><span style=\"color: #000000; font-family: Times New Roman;\">Hukuk Dan\u0131\u015fmanl\u0131\u011f\u0131<\/span><\/strong><\/p>\n<p><strong><span style=\"color: #000000; font-family: Times New Roman;\">E\u011fitimlerimiz<\/span><\/strong><\/p><\/blockquote>\n<\/div>\n<div class=\"entry\"><\/div>\n<\/div>\n","protected":false},"excerpt":{"rendered":"<p>Denetim ve Tam Tasdik Muhasebe Denetimi\u00a0 Bilan\u00e7o ve Gelir Tablosu Denetimi Vergi Denetimi Ba\u011f\u0131ms\u0131z Denetim\u00a0 Kamu G\u00f6zetimi Muhasebe ve Denetim Standartlar\u0131 Kurumu Kararlar\u0131na G\u00f6re \u015eirketlerin Zorunlu Denetimi T\u00fcrk Ticaret Kanununa G\u00f6re \u015eirketlerin Zorunlu Denetimi Sermaye Piyasas\u0131 Kurulu Kararlar\u0131na G\u00f6re \u015eirketlerin Zorunlu Denetimi\u00a0 TFRS- T\u00fcrkiye Finansal Raporlama Standartlar\u0131na G\u00f6re \u015eirketlerin Denetimi\u00a0 UFRS- Uluslararas\u0131 Finansal Raporlama Standartlar\u0131na [&hellip;]<\/p>\n","protected":false},"author":1,"featured_media":0,"parent":0,"menu_order":0,"comment_status":"closed","ping_status":"closed","template":"page-full-width.php","meta":{"footnotes":""},"class_list":["post-116","page","type-page","status-publish","hentry"],"_links":{"self":[{"href":"https:\/\/www.asistadenetim.com\/index.php?rest_route=\/wp\/v2\/pages\/116","targetHints":{"allow":["GET"]}}],"collection":[{"href":"https:\/\/www.asistadenetim.com\/index.php?rest_route=\/wp\/v2\/pages"}],"about":[{"href":"https:\/\/www.asistadenetim.com\/index.php?rest_route=\/wp\/v2\/types\/page"}],"author":[{"embeddable":true,"href":"https:\/\/www.asistadenetim.com\/index.php?rest_route=\/wp\/v2\/users\/1"}],"replies":[{"embeddable":true,"href":"https:\/\/www.asistadenetim.com\/index.php?rest_route=%2Fwp%2Fv2%2Fcomments&post=116"}],"version-history":[{"count":5,"href":"https:\/\/www.asistadenetim.com\/index.php?rest_route=\/wp\/v2\/pages\/116\/revisions"}],"predecessor-version":[{"id":1049,"href":"https:\/\/www.asistadenetim.com\/index.php?rest_route=\/wp\/v2\/pages\/116\/revisions\/1049"}],"wp:attachment":[{"href":"https:\/\/www.asistadenetim.com\/index.php?rest_route=%2Fwp%2Fv2%2Fmedia&parent=116"}],"curies":[{"name":"wp","href":"https:\/\/api.w.org\/{rel}","templated":true}]}}