{"id":136,"date":"2011-03-14T08:53:08","date_gmt":"2011-03-14T08:53:08","guid":{"rendered":"http:\/\/www.vergihaber.net\/?page_id=64"},"modified":"2017-01-25T16:29:25","modified_gmt":"2017-01-25T14:29:25","slug":"vakiflar-mevzuati","status":"publish","type":"page","link":"https:\/\/www.asistadenetim.com\/?page_id=136","title":{"rendered":"Finans, Y\u00f6netim ve Yat\u0131r\u0131m Dan\u0131\u015fmanl\u0131\u011f\u0131"},"content":{"rendered":"<p><strong>F\u0130NANS, Y\u00d6NET\u0130M VE YATIRIM DANI\u015eMANLI\u011eI<\/strong><\/p>\n<p>Finans, Y\u00f6netim ve Yat\u0131r\u0131m dan\u0131\u015fmanl\u0131\u011f\u0131 her biri ayr\u0131 uzmanl\u0131k alan\u0131 olarak kar\u015f\u0131m\u0131za \u00e7\u0131kmaktad\u0131r. Birbirinden farkl\u0131 sorunlar\u0131n, ba\u011f\u0131ms\u0131z ve farkl\u0131 bak\u0131\u015f a\u00e7\u0131lar\u0131na sahip uzman ki\u015filer taraf\u0131ndan, tespit edilmesi ve size uygun tavsiyeler ile bu tavsiyelerin yerine getirilmesine yard\u0131mc\u0131 olunmas\u0131 alan\u0131nda verilen hizmetlerdir.<\/p>\n<p>Aile \u015firketlerinin SPK mevzuat\u0131 dahilinde Halka arz\u0131,<\/p>\n<p>Hisse senedi bas\u0131m\u0131 ve hisse de\u011ferleme i\u015flemleri,<\/p>\n<p>Yabanc\u0131 sermayeli \u015firketler i\u00e7in kurulu\u015f, birle\u015fme ve te\u015fvik mevzuat\u0131,<\/p>\n<p>Karl\u0131l\u0131k ve maliyet analizlerine y\u00f6nelik raporlar haz\u0131rlanmas\u0131,<\/p>\n<p>\u015eirket de\u011ferlemeleri,<\/p>\n<p>\u015eirket b\u00fct\u00e7e ve uzun s\u00fcreli i\u015f planlar\u0131n\u0131n haz\u0131rlanmas\u0131,<\/p>\n<p>Proje finansman\u0131 ve \u00f6z kaynak finansman\u0131 bulunmas\u0131nda dan\u0131\u015fmanl\u0131k hizmetleri,<\/p>\n<p>\u015eirket kurulu\u015f, b\u00f6l\u00fcnme, birle\u015fme ve devir alma \u0130\u015flemlerinde dan\u0131\u015fmanl\u0131k hizmetleri,<\/p>\n<p>\u015eeffafl\u0131k raporu ve Kurumsal Y\u00f6netim uyum raporlar\u0131 haz\u0131rlanmas\u0131,<\/p>\n<p>Kredi derecelendirme \u00e7al\u0131\u015fmalar\u0131 yap\u0131lmas\u0131,<\/p>\n<p>Asista Grubu olarak, \u0130\u015fverenlerin bu rekabet ortam\u0131nda kendine has zorluklar\u0131 ve birbirinden farkl\u0131 hedefleri oldu\u011funu biliyoruz ve her m\u00fc\u015fterimiz i\u00e7in kendine \u00f6zg\u00fc \u00e7\u00f6z\u00fcmler \u00fcretip onlarla birlikte \u00e7al\u0131\u015farak hedeflerine en k\u0131sa ve az riskli yoldan ula\u015fmalar\u0131 i\u00e7in yard\u0131mc\u0131 olmaya \u00e7al\u0131\u015f\u0131yoruz.<\/p>\n","protected":false},"excerpt":{"rendered":"<p>F\u0130NANS, Y\u00d6NET\u0130M VE YATIRIM DANI\u015eMANLI\u011eI Finans, Y\u00f6netim ve Yat\u0131r\u0131m dan\u0131\u015fmanl\u0131\u011f\u0131 her biri ayr\u0131 uzmanl\u0131k alan\u0131 olarak kar\u015f\u0131m\u0131za \u00e7\u0131kmaktad\u0131r. Birbirinden farkl\u0131 sorunlar\u0131n, ba\u011f\u0131ms\u0131z ve farkl\u0131 bak\u0131\u015f a\u00e7\u0131lar\u0131na sahip uzman ki\u015filer taraf\u0131ndan, tespit edilmesi ve size uygun tavsiyeler ile bu tavsiyelerin yerine getirilmesine yard\u0131mc\u0131 olunmas\u0131 alan\u0131nda verilen hizmetlerdir. Aile \u015firketlerinin SPK mevzuat\u0131 dahilinde Halka arz\u0131, Hisse senedi [&hellip;]<\/p>\n","protected":false},"author":1,"featured_media":0,"parent":0,"menu_order":0,"comment_status":"closed","ping_status":"open","template":"","meta":{"footnotes":""},"class_list":["post-136","page","type-page","status-publish","hentry"],"_links":{"self":[{"href":"https:\/\/www.asistadenetim.com\/index.php?rest_route=\/wp\/v2\/pages\/136","targetHints":{"allow":["GET"]}}],"collection":[{"href":"https:\/\/www.asistadenetim.com\/index.php?rest_route=\/wp\/v2\/pages"}],"about":[{"href":"https:\/\/www.asistadenetim.com\/index.php?rest_route=\/wp\/v2\/types\/page"}],"author":[{"embeddable":true,"href":"https:\/\/www.asistadenetim.com\/index.php?rest_route=\/wp\/v2\/users\/1"}],"replies":[{"embeddable":true,"href":"https:\/\/www.asistadenetim.com\/index.php?rest_route=%2Fwp%2Fv2%2Fcomments&post=136"}],"version-history":[{"count":2,"href":"https:\/\/www.asistadenetim.com\/index.php?rest_route=\/wp\/v2\/pages\/136\/revisions"}],"predecessor-version":[{"id":963,"href":"https:\/\/www.asistadenetim.com\/index.php?rest_route=\/wp\/v2\/pages\/136\/revisions\/963"}],"wp:attachment":[{"href":"https:\/\/www.asistadenetim.com\/index.php?rest_route=%2Fwp%2Fv2%2Fmedia&parent=136"}],"curies":[{"name":"wp","href":"https:\/\/api.w.org\/{rel}","templated":true}]}}